ite?
False
Is 26721773009 a prime number?
False
Is 85476569 a prime number?
False
Is 2830601471 a composite number?
True
Is 328834199 prime?
False
Is 573495191 a prime number?
True
Is 16544453215 composite?
True
Is 3120602621 composite?
True
Is 191239753 a prime number?
False
Is 7356615557 a prime number?
True
Is 5894792333 a prime number?
True
Is 4851693047 composite?
True
Is 5408373391 composite?
False
Is 2232349445 prime?
False
Is 29443571 a prime number?
False
Is 4499759263 a composite number?
True
Is 3260333 a prime number?
False
Is 12980536381 prime?
False
Is 3301096339 prime?
False
Is 522360023 a composite number?
False
Is 119787657333 prime?
False
Is 1053202429 prime?
False
Is 1883231891 a prime number?
True
Is 10786286551 a composite number?
False
Is 10833150017 prime?
True
Is 69995813659 prime?
True
Is 872780673 prime?
False
Is 4434528451 a prime number?
True
Is 9069780977 prime?
False
Is 363045563 composite?
False
Is 26575285177 a prime number?
False
Is 329184899 a composite number?
True
Is 1512398087 prime?
False
Is 158222263 a composite number?
True
Is 52400855191 composite?
False
Is 6182784481 prime?
True
Is 1687719811 prime?
False
Is 2739885797 composite?
True
Is 1876250197 prime?
False
Is 13183612363 prime?
False
Is 27014767799 a composite number?
False
Is 17125416467 prime?
True
Is 332463217 prime?
True
Is 57026287 composite?
True
Is 8030007671 a composite number?
True
Is 710015419 a composite number?
True
Is 3511849321 a prime number?
True
Is 894393439 composite?
True
Is 21112732793 composite?
True
Is 690011459 a prime number?
True
Is 714596369 a prime number?
False
Is 8571758329 composite?
False
Is 2887734559 prime?
True
Is 2010167237 a composite number?
True
Is 2246903497 prime?
True
Is 123280007 a prime number?
True
Is 366254519 prime?
True
Is 46112611 composite?
False
Is 21058805837 composite?
True
Is 295398071791 prime?
True
Is 1064113541 a composite number?
False
Is 15167398 prime?
False
Is 15649929167 prime?
False
Is 6492596437 a composite number?
False
Is 1976172637 prime?
True
Is 1761050171 prime?
False
Is 17198503139 a composite number?
False
Is 644189717 a prime number?
True
Is 651683051 a prime number?
True
Is 3881433427 prime?
False
Is 5951558819 prime?
False
Is 270776299 a composite number?
False
Is 856212659 prime?
True
Is 2928277477 a prime number?
False
Is 577154377 prime?
False
Is 8278141889 a composite number?
False
Is 17083167943 prime?
True
Is 32540293101 composite?
True
Is 715446059 a composite number?
False
Is 8287130507 a composite number?
False
Is 1526705633 a composite number?
True
Is 87418379 prime?
True
Is 3800935011 a composite number?
True
Is 26038308641 prime?
True
Is 1667032063 a prime number?
False
Is 331863313 prime?
False
Is 7609862959 composite?
False
Is 83536979 composite?
True
Is 6821511731 a composite number?
True
Is 51022599413 composite?
True
Is 1154708183 a prime number?
False
Is 1979950589 prime?
True
Is 105480953 a composite number?
False
Is 257095247 composite?
False
Is 648540967 a prime number?
True
Is 3806877797 prime?
True
Is 28088487863 a composite number?
True
Is 518923553 a prime number?
False
Is 12768621727 prime?
False
Is 7753899235 composite?
True
Is 7326661 prime?
True
Is 210777797 composite?
False
Is 17778147 a composite number?
True
Is 8096544041 prime?
False
Is 3596255749 a composite number?
True
Is 26493747799 composite?
True
Is 1298915897 a composite number?
True
Is 1116654139 prime?
True
Is 61864726279 prime?
False
Is 5797197701 a composite number?
True
Is 131387989 composite?
True
Is 764005134353 a prime number?
True
Is 418248013 composite?
True
Is 3499502189 a prime number?
False
Is 393637069 composite?
True
Is 3734981 prime?
False
Is 151167327 a composite number?
True
Is 99304972333 a prime number?
False
Is 92540927615 a composite number?
True
Is 127920196517 composite?
False
Is 63425179169 a composite number?
True
Is 643544926 prime?
False
Is 329481127 a composite number?
False
Is 146440181567 a prime number?
False
Is 322771207 composite?
True
Is 1791643793 prime?
True
Is 623091017 prime?
False
Is 11098005539 a prime number?
True
Is 23234665561 a composite number?
True
Is 93423877321 a composite number?
False
Is 6417531969 composite?
True
Is 691448153 a prime number?
False
Is 78972373 prime?
False
Is 7065557035 prime?
False
Is 34772775379 a prime number?
True
Is 152042179 a composite number?
True
Is 1520276741 prime?
False
Is 93101360213 a prime number?
True
Is 511105037 prime?
True
Is 2930956201 composite?
False
Is 946349969 composite?
True
Is 58186111 composite?
True
Is 70746162857 a prime number?
False
Is 523483787 prime?
True
Is 6171855691 a composite number?
True
Is 2598950303 a composite number?
True
Is 71999192957 composite?
True
Is 35650812391 composite?
False
Is 228043867 a composite number?
True
Is 2284824779 prime?
False
Is 155732653 a prime number?
False
Is 14574103133 composite?
True
Is 1038007747 a prime number?
False
Is 568612433 a prime number?
True
Is 1092913769 a composite number?
True
Is 273907534777 a composite number?
False
Is 3277788623 a composite number?
False
Is 135772260817 composite?
False
Is 33347425747 a composite number?
True
Is 7735342271 a composite number?
False
Is 18569246411 a composite number?
True
Is 115450580689 a composite number?
False
Is 528331007 composite?
True
Is 193415160593 a composite number?
False
Is 9604763977 a composite number?
False
Is 137502593 a composite number?
False
Is 15381504659 a prime number?
True
Is 270226181 a composite number?
True
Is 25631144843 composite?
False
Is 1661619173 composite?
False
Is 7337413267 a prime number?
True
Is 25657797551 composite?
True
Is 344270753 a prime number?
True
Is 14416937761 composite?
False
Is 927778561 composite?
True
Is 9101667073 prime?
True
Is 4934265751 a prime number?
True
Is 10718059451 a prime number?
False
Is 744795473 composite?
True
Is 553917479 a composite number?
False
Is 11225054447 a composite number?
True
Is 125365589579 composite?
False
Is 14297320547 a prime number?
True
Is 237574816019 a composite number?
False
Is 287026877 a prime number?
True
Is 4488463237 a prime number?
True
Is 7776102029 a prime number?
True
Is 3113695241 composite?
False
Is 2472484463 a composite number?
True
Is 3610973 a prime number?
False
Is 1108861877 composite?
False
Is 45677403469 composite?
False
Is 1369615543 prime?
True
Is 48932681747 prime?
True
Is 1666839433 composite?
True
Is 1688762849 composite?
False
Is 7769834297 a composite number?
False
Is 63780923 prime?
False
Is 14123278879 a prime number?
False
Is 137119679 composite?
False
Is 222493298 prime?
False
Is 3950518541 a prime number?
True
Is 1751447099 composite?
True
Is 510973577 a prime number?
True
Is 138713459 a prime number?
False
Is 27070789 a composite number?
True
Is 25983257 prime?
True
Is 41291603917 prime?
False
Is 27005102027 prime?
False
Is 235291469371 a composite number?
True
Is 211534483 a composite number?
True
Is 22395481 prime?
True
Is 82133837 composite?
False
Is 12988632473 prime?
False
Is 18688671007 composite?
False
Is 3299474219 a prime number?
False
Is 1201069019 a composite number?
True
Is 2207376289 prime?
False
Is 18657253595 prime?
False
Is 313623129487 a prime number?
True
Is 5475303259 composite?
False
Is 176687437 composite?
False
Is 193935107 a composite number?
True
Is 1362831803 a composite number?
False
Is 602772941 a composite number?
False
Is 82109861 a composite number?
True
Is 9894094747 composite?
False
Is 187374728279 a prime number?
False
Is 1230171529 prime?
False
Is 128362996393 a composite number?
False
Is 124478213 a prime number?
False
Is 18164898337 composite?
False
Is 31185864773 composite?
True
Is 54153401 prime?
False
Is 3969995591 composite?
False
Is 120769279 a prime number?
True
Is 1141310089 prime?
True
Is 58207012583 prime?
True
Is 45818803 prime?
False
Is 1020983011 composite?
False
Is 49944811783 a composite number?
False
Is 6656043617 prime?
True
Is 6387324637 composite?
True
Is 70531869923 composite?
False
Is 881513057 composite?
True
Is 105874799 a composite number?
True
Is 6239281 composite?
False
Is 64906233459 composite?
True
Is 646437023 a prime number?
True
Is 32932450273 a composite number?
False
Is 7492024021 composite?
False
Is 44146839